?
4
Suppose -15*z + 3*c + 5091 = -12*z, 3*z = -5*c + 5051. What is the thousands digit of z?
1
Suppose z - 2*h - 870 = -92, -4*h + 1604 = 2*z. What is the tens digit of z?
9
Let z = 13022 - 4636. What is the tens digit of z?
8
Let z = -66 - -219. Let m = z + -103. Suppose -2*d + m = -54. What is the units digit of d?
2
What is the tens digit of (-69)/(23460/40) + 376758/34?
8
Let y = -201 + 401. Suppose -4*n + 4*k - 284 = 0, 4*k + y = -3*n - 27. Let l = 143 + n. What is the units digit of l?
0
Let j(y) be the third derivative of 2*y**4/3 - 11*y**3/3 - 125*y**2. What is the hundreds digit of j(11)?
1
Let i(r) = 11*r - 95. Let h be i(8). What is the units digit of (-29692)/(-36) + h/(315/(-10))?
5
Let z(o) = -o**3 + 4*o**2 - 3*o. Let h be z(3). Suppose h = 13*u - 16*u + 483. What is the hundreds digit of u?
1
Let t(y) = 209*y**3 - 34*y**2 + 301*y - 47. What is the hundreds digit of t(7)?
0
Let u be 633*4*(-1)/(-8)*8. Suppose 16*x = 13*x + u. What is the units digit of x?
4
Let s(i) = 17*i + 64. Let n be s(32). Let v = 326 + n. What is the hundreds digit of v?
9
Let f(x) = x**3 + 3*x**2 + 20*x + 34. Let p be f(-2). What is the hundreds digit of 518 + 28 + (-10)/p?
5
Suppose -603 - 3554 = -5*r - 2*p, -2*p + 825 = r. Suppose 4*q - 1315 = 4*h + r, -h = 2*q - 1086. What is the hundreds digit of q?
5
Let d(k) = -k**2 + 20*k + 48. Let q be d(23). What is the tens digit of ((-70)/q)/((-8)/(-12)) - -208?
1
Suppose 2*l = -65 + 93. Let c(h) = 2*h - 20. Let u be c(l). Suppose -z + u*z = 1155. What is the units digit of z?
5
Let d(z) = 18728*z**3 - z**2 - 10*z + 10. What is the ten thousands digit of d(1)?
1
Let o(z) = -z**3 - z**2 - z - 4. Let w be o(-2). Suppose w*r = -a + 6, -5*a - r + 0 = -3. Suppose -2*d - 6 + 12 = a. What is the units digit of d?
3
Let u(p) = -103*p + 1. Let x(z) = -206*z + 2. Let j = -13 + 18. Let w(l) = j*u(l) - 3*x(l). What is the hundreds digit of w(1)?
1
Suppose 0 = 5*d - 6*d + 28. Suppose d*k + 1746 - 18154 = 0. What is the tens digit of k?
8
Let c = 28 + -26. Suppose 2*w - 154 = -c*w + 2*p, -5*p - 5 = 0. What is the units digit of w?
8
Let q = -2723 - -3953. Let u = -578 + q. What is the units digit of u?
2
Let z(b) = -2*b**2 - 3*b + 2. Let f be z(-1). What is the hundreds digit of ((-297)/f + (-2)/(-4))*-6?
5
Suppose 6 = -8*l + 46. Let i(n) = n**2 + 13*n - 9. Let s(m) = m**2 + 6*m - 4. Let j(u) = l*s(u) - 2*i(u). What is the units digit of j(6)?
0
Let a(b) = b**3 + 6*b**2 + 8*b + 29. Let q be a(-5). Suppose -5*z + 8245 = 2*c + q, 5*c = -5*z + 8240. What is the hundreds digit of z?
6
Let m = -1 - -320. What is the units digit of m?
9
Suppose -23*l = -34*l + 121. Let n(b) = b**3 - 4*b**2 + 11*b - 11. What is the hundreds digit of n(l)?
9
Let j(d) = d**2 - 15*d + 53. Let x be j(10). What is the tens digit of 253*(-2 + x) - -2?
5
Let x be 35/(-10)*(1 - 10/(-14)). Suppose -2*d - h + 6*h = -889, -2*h = 6. What is the units digit of -3 + (-114)/(-36) - d/x?
3
Suppose -4*k = w + 253, 3*w + 4*k + 383 + 352 = 0. Let f = 327 + w. What is the tens digit of f?
8
Let f(z) = z**2 - 2*z. Let v be f(5). Suppose -3*c + v = 4*x, 4 = 3*c + 5*x - 11. Suppose -c*g + 195 = -120. What is the tens digit of g?
6
Let h(x) = x + 34. Let i be h(-24). Suppose 3*l - i = -16, 3*n = 2*l + 1315. What is the units digit of n?
7
Suppose -206*b - 661*b = -25099650. What is the tens digit of b?
5
Suppose l + 3*l + 768 = 0. Let b be l/30 + 6/(-10). What is the units digit of (-1 - b) + (-3 - (-5 + -1))?
9
Let t(b) be the first derivative of 13*b**6/360 - b**5/40 - b**4/4 + 11*b**3/3 - 14. Let f(h) be the third derivative of t(h). What is the tens digit of f(-2)?
5
Suppose 1874 = -18*f + 20*f + o, -2800 = -3*f + 4*o. Suppose -2305 = -5*j - 2*c, -8*j + 6*j + 2*c + f = 0. What is the hundreds digit of j?
4
Suppose -7 - 83 = 15*o. What is the tens digit of (38*1)/(308/49 + o)?
3
Let l = -31111 - -107672. What is the hundreds digit of l?
5
What is the tens digit of ((-942508)/35)/(-4) - (-1)/(-5)?
3
Suppose -g + 34 + 25 = c, 2*g - 106 = -5*c. Let o = 67 - g. Suppose 3*s + o*u = 404, -2*u = -4*u - 2. What is the units digit of s?
6
Let s = 6496 + 1148. Suppose 0 = 34*u - 21*u - s. What is the units digit of u?
8
Let v = 23539 - 2260. What is the tens digit of v?
7
Suppose 3*b = -2*m + 136, 0 = 3*b - 0*m + 4*m - 134. Suppose 1435 + 451 = b*a. What is the units digit of a?
1
Let o = -19 - -22. Suppose 14*u - o*u - 7843 = 0. What is the tens digit of u?
1
Let m = 110822 + -68605. What is the tens digit of m?
1
Let q = 129509 - 76126. What is the thousands digit of q?
3
Suppose t = -8*p + 939, 57*t - 52*t = -3*p + 329. What is the units digit of p?
8
Let p(m) be the first derivative of -m**6/120 + 7*m**5/60 + 4*m**4/3 + 13*m**2 + 20. Let t(y) be the second derivative of p(y). What is the tens digit of t(10)?
2
Let a = 25321 - 16727. What is the hundreds digit of a?
5
Suppose 9*j = -54, 18*j = 5*x + 15*j - 143198. What is the tens digit of x?
3
What is the tens digit of 9/(-18)*23/(92/(-589912))?
3
Let r(d) = d**2 + 8*d + 7. Let i be r(-7). Let z(t) = t**2 - 4*t + 645. Let m be z(i). Suppose -4*j + m = -351. What is the hundreds digit of j?
2
Let j = 19 + -47. Let b = -16 - j. What is the units digit of (0 - (-10)/3)*b/5?
8
Suppose 0 = 3*h + 7 - 16, -y = 5*h - 20. Suppose -y*d + 1430 = -2465. What is the hundreds digit of d?
7
Let j(s) = 59*s**3 - 1 + 3*s - 17*s**2 + 50*s**2 - 19*s**2 - 20*s**2. What is the hundreds digit of j(2)?
4
Let j = 360 + -509. Let x = 450 + j. What is the hundreds digit of x?
3
Suppose 2*d = 10, 5*x - 273 - 462 = -2*d. Suppose 0 = -c - c - 2*t + 98, 5*t = -3*c + x. What is the tens digit of (-4)/(2 + c/(-24))?
4
Suppose 4*z - 88 = 2*t, -4*z - 5*t + 53 = -z. Suppose -z*v + 17*v = -272. Let f = -18 + v. What is the units digit of f?
0
Let h(a) = -a**2 - 6*a - 3. Let c be h(-5). Suppose 0 = 12*m - 9*m + 3, 4*m = 4*k - 12. Suppose -c*p + k + 74 = 0. What is the tens digit of p?
3
Let p be ((-1)/(-2))/((-5)/(-2040)). Let m be ((-96)/(-30))/(34/10 - 3). Suppose 0 = m*t - 6*t - p. What is the units digit of t?
2
Let n(p) = -p**3 - 5*p**2 - 3*p - 3. Let t be (-2 - -1)/(7/35). Let g be n(t). Suppose -d - 239 = -4*z, -3*z + 185 - g = -2*d. What is the tens digit of z?
6
Let c(a) = -105 - 7*a + 3*a - a**3 + 11*a**2 + 152. What is the units digit of c(8)?
7
Let y = -809 + 3943. What is the hundreds digit of y?
1
Let a be (-2)/4 - (2 - 0)/(-4). Suppose 2*t - 3*f + 158 = a, -300 = 4*t - 4*f + 6*f. Let g = 107 + t. What is the units digit of g?
1
Suppose 3*v - 5*h = 358, 3*h - 217 = -2*v + 2*h. Suppose -77 = x + v. Let u = x + 342. What is the tens digit of u?
5
Let u(c) = c**2 + 22*c + 27. Let x be u(-20). Let t = 97 + x. What is the tens digit of t?
8
Let t(j) = 642*j + 713. What is the units digit of t(23)?
9
Let l = -232 - -325. Suppose l + 111 = 12*h. What is the units digit of h?
7
Suppose 3 = -5*d - 2, j - 74 = -d. Let s = -64 + j. Suppose 13 = i + s. What is the units digit of i?
2
Let q = 13946 - 6926. What is the tens digit of q?
2
Suppose -1467*g + 1479*g = 79128. What is the thousands digit of g?
6
Suppose 3*n = -4*d + 133, -2*n + 38 + 24 = -4*d. Let y = n + -34. Suppose 5*w - 1305 = 3*s - 0*s, -1044 = -4*w - y*s. What is the tens digit of w?
6
Suppose -h - 8585 = 2*b, 6*b - b + 21485 = 5*h. Let t = -2374 - b. What is the tens digit of (t/36)/((-2)/(-6))?
6
Let g(d) = d**2 - 10*d + 2. Suppose z + 0*x - 18 = -4*x, 4*z - 147 = -x. Suppose 8 = -3*o + z. What is the units digit of g(o)?
2
Suppose -1512 = -33*v + 19*v. Let f = 219 + v. What is the tens digit of f?
2
Let r = -137 - -236. Let t = 156 - r. Suppose f - 26 - t = 0. What is the units digit of f?
3
Let h = 49 - 42. Let v(k) = 18*k - 12. Let g be v(h). Suppose 4*w - g - 274 = 0. What is the units digit of w?
7
Suppose -6*y = -14*y + 27256. Let v = y + -2389. What is the units digit of v?
8
Let m(j) = j**2 + 6*j - 1084. What is the units digit of m(74)?
6
Suppose -10*i + 37451 = -5*i + 2*b, 0 = 4*i - 6*b - 30014. What is the hundreds digit of i?
4
Let s(h) = 43*h**2 + 39*h + 28. What is the thousands digit of s(-13)?
6
What is the ten thousands digit of 2/5 - (-28265940)/900?
3
Let a = 3078 + -1501. Let b = a - 859. What is the tens digit of b?
1
Suppose -4*i = 3*t + 1552, -4*t + 8*i - 2063 = 7*i